r when 4 is divided by m(10).
0
Let h = -84 + 135. What is the remainder when h is divided by 13?
12
Suppose 40 + 40 = 5*c. Suppose 0 = 2*p + v + 174, 6*p + 3*v = 5*p - 92. Let j = -39 - p. Calculate the remainder when j is divided by c.
15
Suppose 5*m - 4*u + 25 = 0, -26 = m - 0*m - 5*u. Calculate the remainder when 84 is divided by (m + -1)/(2/(-29)).
26
Let r be (45/(-2))/(-3)*-2. Suppose 0 = -0*u + 3*u - 195. Calculate the remainder when u is divided by 1/2*(19 - r).
14
Let x = 62 - 25. Calculate the remainder when x is divided by 11.
4
Let a(d) = d**2 + 3*d - 3. Let q be a(-4). Suppose 0 = -k - 2*f - q, 4*k + 0*f + 16 = 4*f. Calculate the remainder when (-1 - -48) + (k - -3) is divided by 16.
15
Let c(v) = -v**2 + 10*v - 12. What is the remainder when 45 is divided by c(6)?
9
Let v = 1 - -3. Calculate the remainder when (1/2)/((-1)/(-10)) is divided by v.
1
Let a(l) = l**2 - 3*l + 3. Let r be a(7). Calculate the remainder when 19 is divided by 0 - (r - -2)/(-3).
8
Suppose 3*q + 58 - 4 = 0. Let z(k) = -k**2 + k + 1. Let c be z(4). Let o = c - q. What is the remainder when 20 is divided by o?
6
Let h be 2*(3 - 141/(-6)). Let n = h - 35. Calculate the remainder when 53 is divided by n.
17
Suppose 0*i = 4*x + i + 19, 3*x - i = -23. Let t = 9 - x. Suppose 3*b - 23 - 77 = -4*d, 4*d = b + 116. Calculate the remainder when d is divided by t.
13
Let y = -251 + 373. What is the remainder when y is divided by 31?
29
Let m be ((-21)/(-14))/((-2)/68). Let o = -35 - m. Calculate the remainder when o is divided by 9.
7
Suppose -n - 45 = -4*n. Suppose -2*t - t - 117 = -3*p, 2*t - 174 = -4*p. What is the remainder when p is divided by n?
12
Let d(c) = 2*c + 2. Let o be d(5). Let u = 18 - o. Let j(z) = -z**3 - 6*z**2 - 2*z - 2. Calculate the remainder when j(-6) is divided by u.
4
Suppose 0 = u - 6*u + 5. Calculate the remainder when 2 + (-2)/(2/(-5)) is divided by 1*(u + 3 - 1).
1
Suppose -54 = k + k. Calculate the remainder when k/(-4) + 1/4 is divided by 3.
1
Suppose x = 2*b - 21, 4*b - 6*x + 3*x - 39 = 0. Suppose -4*q + 230 = 6*q. Calculate the remainder when q is divided by b.
11
Let w(f) = -f**2 + 10*f - 8. Let l be w(9). Suppose -q - l = -4. Calculate the remainder when 35 is divided by (2*-3)/((-2)/q).
8
Let y(x) = x**2 + 32*x + 48. Suppose -2*i = -96 + 32. What is the remainder when i is divided by y(-31)?
15
Suppose 2*t - 3*t + 27 = 0. Let b = -18 + t. What is the remainder when 15 is divided by b?
6
Let h(l) = -15*l**2 + l + 4. Let x(j) = 31*j**2 - 2*j - 9. Let r(k) = -9*h(k) - 4*x(k). What is the remainder when r(-1) is divided by 7?
5
Let b = 4 + 58. Calculate the remainder when b is divided by 32.
30
Suppose -3*k + 0 + 6 = 0. Suppose -k*h = -10 - 12. What is the remainder when h is divided by 6?
5
Let k(i) = 8*i**2 - 4*i - 1. What is the remainder when k(-3) is divided by 29?
25
What is the remainder when 61 is divided by -1 - -4 - (9 - 14)?
5
Suppose -2*m = 3*m + 65. Let f = m - -38. What is the remainder when f is divided by 13?
12
Let t be 1/(2*(-4)/32). What is the remainder when (1 + 1)/(t/(-8)) is divided by 1?
0
Let v = 12 - 7. What is the remainder when 19 is divided by v?
4
Suppose 0 = u, 3*u - 11 + 1 = -2*w. Suppose w*j + l = 5*l + 215, -5*j + 190 = l. Calculate the remainder when j is divided by 10.
9
Let a = 24 + -14. Let v = a + -6. Calculate the remainder when v is divided by 3.
1
Suppose -2*i = -3 + 1. Suppose 0 = c - 5*v + 2, 0 = 3*v - i - 2. Suppose 4*m = 0, 0 = -4*n - c*m + 50 + 10. What is the remainder when 29 is divided by n?
14
Calculate the remainder when (-5)/(-15) + 256/6 is divided by 11.
10
Suppose 0 = -k + 3*i + 35, -46 = -k + 4*i - 11. Calculate the remainder when 102 is divided by k.
32
Suppose -s + 7 = -4. What is the remainder when s is divided by 6?
5
Suppose 90 = 3*r + j, 2*r = -5*j + 91 - 18. Calculate the remainder when (-2 - -3) + 0 - -84 is divided by r.
27
Suppose -4*d - 5*z + 45 = 0, -3*d - z + 25 = -6*z. What is the remainder when 18 is divided by d?
8
Let s(a) = a**3 - a + 29. Let y = 7 - 7. Calculate the remainder when s(y) is divided by 8.
5
What is the remainder when 27 is divided by (-1 + 31)*6/12?
12
Let s = -27 - -41. What is the remainder when 24 is divided by s?
10
Suppose 4*w = g - 2*g + 123, 3*w + 3*g - 81 = 0. Let j = -1 + 1. What is the remainder when w is divided by 11 - (j/2)/3?
10
Let a = -7 + 12. Suppose o + 3*o = 4*g + 24, 5*g = -a*o. Suppose -5*p + 1 = 3*t + 2, -2*t - o*p = -1. Calculate the remainder when 14 is divided by t.
6
Let z = -15 - -32. Suppose d + 21 = 4*l, -5*l - 2*d + 5 + 18 = 0. Suppose -119 = -l*p + 131. Calculate the remainder when p is divided by z.
16
Suppose -4*y + 2*g = -706, 5*y - 3*g - 709 = y. Suppose 30 = k - 3*p, -35 = 5*k - 5*p - y. Calculate the remainder when k is divided by 15.
12
Let j = 1 + 90. Suppose -4*r - 18 = -d, d + 3*r = -d + j. Calculate the remainder when d is divided by 13.
12
Suppose 5 - 7 = 2*k. Calculate the remainder when (0 - k) + 1*24 is divided by 13.
12
Suppose 0 = -3*b + l + 24, 0*l + 3*l = 0. Let a = b + 5. Let t(c) = c**2. What is the remainder when t(-6) is divided by a?
10
Let c(a) = -2*a**3 - 5*a**2 + 5*a + 5. Let x be c(-4). Let d = -19 + x. Calculate the remainder when 40 is divided by d.
12
Let b = -98 + 149. Calculate the remainder when b is divided by 17.
0
Suppose 3*x - 22 = -5*z, 3*z + 0*x - 5*x = 20. Let g(j) = -2*j**3 - j**2 + j - 2. What is the remainder when g(-2) is divided by z?
3
Let i(w) = -23*w + 19. Suppose 275 = 3*g + 2*g. What is the remainder when g is divided by i(0)?
17
Let j = 83 - 59. Suppose -15 = -2*c + 11. Calculate the remainder when j is divided by c.
11
Suppose 5*n - 64 = -t, 3*n + 5*t + 0*t = 34. Suppose -7 = -2*h - h + j, -3*h - 2*j + 22 = 0. What is the remainder when n is divided by h?
1
Let h(v) be the first derivative of v**4/4 + 7*v**3/3 + 2*v**2 - 6*v + 3. What is the remainder when h(-6) is divided by 4?
2
Let g(x) = 2*x. Suppose 18 = 3*l + 3*o, -2*l - 1 = -5*o + 8. Calculate the remainder when g(3) is divided by l.
0
Suppose 3*u + 2*u = 25. Let d = -35 + 66. Calculate the remainder when d is divided by (-8)/1*(3 - u).
15
Let s(g) = -8*g**3 + g**2 + g. Let j(l) = -8*l - 26. Calculate the remainder when j(-5) is divided by s(-1).
6
Suppose 2 + 23 = a. Suppose 5*b + 4*r - 65 = 0, -b = 3*r - 20 + 7. Calculate the remainder when a is divided by b.
12
Let w be 23 - -1*(0 + -1). Suppose 19 = 2*u - d, u + w = 2*u + 2*d. What is the remainder when 35 is divided by u?
11
Let o = -26 + 81. Let d(z) = z**3 - 5*z**2 + 4*z - 6. What is the remainder when o is divided by d(5)?
13
Suppose 3*c - 255 = 96. Suppose -63 = -z - 2*z - 3*w, 5*z = -w + c. Calculate the remainder when z is divided by 13.
11
Suppose -52*p + 47*p = -335. What is the remainder when p is divided by 7?
4
Suppose -3*j + 44 = j. Let q = -67 + 46. Calculate the remainder when j is divided by q/(-5) + (-1)/5.
3
Suppose 0 = 5*c, 5*c - c = -5*a + 130. Calculate the remainder when a is divided by 9.
8
Suppose y = -4*f + 5*y + 16, -2*f + 4 = -y. Suppose 2*x - 4*x + 36 = f. Suppose 0 = 3*n - x - 0. What is the remainder when 10 is divided by n?
4
Let l = -50 - -74. Let c(b) = b**2 + 2*b - 6. Calculate the remainder when l is divided by c(-5).
6
Let l(g) = g**2 + 10*g - 6. Let q be l(-11). Let j = q - 2. Suppose 2*v + 17 = j*a, -4*a = 2*v + 2 - 48. What is the remainder when 26 is divided by a?
8
Let p(y) = 6*y**3 - y**2 - y - 1. Suppose 5*x - 3 = -d - 14, 3*d = 4*x + 62. Calculate the remainder when p(2) is divided by d.
13
Let y be 0 + 0 + (2 - -13). Suppose -u + b = 0, 5*u = u - b + y. Suppose 3*n - 11 = q, n + q + u*q = -18. Calculate the remainder when 5 is divided by n.
1
Let l = 1 + 2. Suppose k = -u, 4*k + 15 = -k. Calculate the remainder when 2 is divided by u/6*-2 + l.
0
What is the remainder when 893/47 - (0 + 1 + -3) is divided by 14?
7
Let h = 34 - 24. What is the remainder when 36 is divided by h?
6
Let w = -10 - -4. Let n(k) = -11*k - 3. Let u be n(w). Let z = u - 33. Calculate the remainder when z is divided by 16.
14
Suppose 0 = -4*u - 3*q + 111, 4*u + 3*q - 117 = 2*q. Let f = -24 + 40. Calculate the remainder when u is divided by f.
14
Suppose 244 = 4*b + 4*o, 2*b + 7*o = 11*o + 146. What is the remainder when 193 is divide